-11*n(d) - 2*s(d). Determine i(1).
-8
Let m(f) = -2*f**2 + 2 - 1305*f + 1305*f - f**3. Give m(-2).
2
Let x(h) = -2*h**2 - 5*h - 41. Let s be x(-6). Let i = 82 + s. Let a(l) = -5*l**3 + l. Give a(i).
4
Let m(y) = -y**2 - 4*y - 3. Let c = 90 + -87. Suppose 3*a + 10 = t, -c*a - 20 = 2*t + 2*t. Determine m(t).
1
Let y = 1 - -3. Let v(i) = -2*i**3 - i**2 + 7*i - 2. Let n(h) = h**3 + h**2 - 4*h + 1. Let d(t) = -11*n(t) - 6*v(t). Determine d(y).
-7
Let h(k) = k**2 - 5*k + 3. Let n be (-75)/(-100) + (-34)/(-8). Calculate h(n).
3
Let c(o) be the first derivative of -o**4/4 + 2*o**3 + 7*o + 67. Calculate c(5).
32
Let z(g) be the third derivative of g**4/6 + g**3/6 - 102*g**2 + 3*g. Calculate z(-3).
-11
Let g(y) = -y**2 - 6*y. Let k(f) = 2*f**2 - 10*f + 1. Let j(u) = u**2 - 9*u + 1. Let c(i) = 3*j(i) - 2*k(i). Let p(h) = -3*c(h) + 4*g(h). Determine p(-3).
-3
Let c(w) = 11*w - 15. Let t(p) = -2*p**2 + 16*p + 10. Let b be t(9). Let j(q) = -4*q + 5. Let h(v) = b*j(v) - 3*c(v). Give h(0).
5
Let w(m) = 426*m**3 - 6*m + 4 - 2*m**2 - 220*m**3 - 205*m**3. Determine w(5).
49
Suppose -52 = 5*g + 63. Let o = -27 - g. Let t(i) = -i - 1. Determine t(o).
3
Let l(h) = 2 + 0 - 58*h + 53*h - 3. Determine l(1).
-6
Let y(o) = 3*o + 16. Suppose 20*p = -5*p - 275. Calculate y(p).
-17
Suppose -28*q + 21*q + 14 = 0. Let x(b) = -4*b**3 - 2*b**2 - b - 1. Let s(y) = 3*y**3 + y**2 + 1. Let g(m) = 3*s(m) + 2*x(m). Determine g(q).
1
Suppose 12 = 2*b + b + 3*o, -3*o + 17 = -2*b. Let g be b*3/(9/(-6)). Let c(a) = 15*a**2 - a**g - 4*a**2. Determine c(-1).
10
Let z(g) = -g**3 - g**2 + 4. Suppose 0*v + 4*v + 68 = 0. Let l = 26 + v. Suppose l*b - 7*b = 0. Calculate z(b).
4
Let f(h) = -h - 1. Let m(n) = -n**2 + 14*n + 1. Let i(u) = -2*f(u) + m(u). Give i(16).
3
Let v = -34 + 37. Suppose y - 3*t = v*y + 6, 3*y + 8 = -4*t. Let x(k) = -3*k - 21. Let a(q) = 2*q + 14. Let r(b) = -7*a(b) - 5*x(b). What is r(y)?
7
Let v = 4 + -1. Suppose n - v*z + z - 3 = 0, 2*z - 17 = 5*n. Let x(h) = h**3 + 6*h**2 + 8*h + 5. Give x(n).
-10
Let h(r) = 14*r. Suppose -1 + 3 = -2*c. Let n be (c/(-2))/(6/(-12)). What is h(n)?
-14
Let r(u) = 61941 - 8*u**2 - 61929 - u**3 + 11*u + 0*u**3. Give r(-9).
-6
Let z(q) be the second derivative of q**4/3 + q**3/3 + q**2/2 + 86*q. Calculate z(-1).
3
Suppose -4*g - 19 = -3*b - 9*g, 5*b - 4*g = -30. Let k(i) = -2*i**3 + 2*i**2 - 2*i - 1. Give k(b).
27
Let c(f) be the third derivative of 1/8*f**4 - 11*f**2 + 0 + 0*f**3 + 0*f. Determine c(2).
6
Let u(i) = -i**2 + 7*i - 9. Let k be u(5). Let p(r) = -1 + 1 - k - r + 2*r. Determine p(-6).
-7
Let f(b) = 3 - 8*b**2 - 2 + 5*b**3 + 7*b**2 + 6*b**3. Calculate f(-1).
-11
Let j = -67 + 73. Let n(u) = 5*u**3 - 3*u**2 - 7*u - 4*u**3 + j*u**2. Give n(-5).
-15
Let y(w) = -27*w**2 - 105*w + 17. Let u be y(-4). Let d(m) be the second derivative of m**4/12 - m**3/2 - 3*m**2/2 + 2*m. What is d(u)?
7
Let d(q) be the second derivative of 1/60*q**5 - 1/3*q**4 - q**2 + 0 - q + 0*q**3. Let r(z) be the first derivative of d(z). Determine r(5).
-15
Let t(s) be the second derivative of s**5/20 - s**4/12 - s**3/6 - 5*s**2/2 + 81*s. Calculate t(0).
-5
Suppose 79*f + 25 = 101*f - 19. Let g(p) be the second derivative of p**4/12 - p**3/6 - p**2/2 - 2*p. Give g(f).
1
Let l(h) = -h**3 - 4*h**2 + 4*h - 8. Let v be l(-5). Let y = 2 + v. Let r(i) = 3*i + 1. Calculate r(y).
-2
Let q = -40 - -41. Let k(l) = l - 5. Let b(t) = 0 - 3*t + t - 4 + 4*t. Let r(c) = 5*b(c) - 4*k(c). What is r(q)?
6
Let f(s) = -s - 5. Let u be f(3). Let d(i) = 2*i + 17. Calculate d(u).
1
Let w = -2 - -1. Let b(t) = t**2 + 4*t - 2. Let m(l) = -l**2 + l + 1. Let d(g) = -2*g**2 - 49*g + 76. Let n be d(-26). Let v(u) = n*m(u) + w*b(u). What is v(6)?
0
Let u(f) = f**3 - 7*f**2 + 7*f + 3. Let v = 45 + -36. Let l be v*1 + 9/(-3). Determine u(l).
9
Let a(q) = -q**2 - 6*q - 2. Suppose 34*f - 24 = 38*f. Determine a(f).
-2
Let b(t) = 2*t**2 - 14*t + 12. Let j be b(5). Let c(o) = 8*o - 8. Let l(q) = q**2 - 1. Let a(w) = c(w) + l(w). What is a(j)?
-9
Let m(q) = 2571*q - 6*q**3 - 2573*q - 4 + 6. Calculate m(1).
-6
Let y(u) = 786 - 266 - 259 - u - 246. Give y(19).
-4
Let a(c) = c**3 - 5*c**2 + c - 2. Suppose 0 = 36*p - 40*p + 12. What is a(p)?
-17
Let t(k) = 5*k + 6. Let r(p) = p + 21. Let y be r(-21). Let f be (0 + (y - 2/(-5)))*-10. Determine t(f).
-14
Let h(i) = -4*i + 1. Let g be h(4). Let v be (-66)/g - 9/(-15). Suppose 0 = -y + 3*p - v + 3, 2*y - 2*p = -8. Let l(c) = -c**3 - 5*c**2 - c - 5. Calculate l(y).
0
Let j(l) = -3*l + 3. Let z(c) = c**2 + 2*c. Let a be z(-3). Let q be 1 + 0 - (1 - a). Give j(q).
-6
Let b = 13 - 12. Let g(i) = -i + 3 - 3 - b. What is g(2)?
-3
Let l(a) = 1 - a**2 + 10*a - 5*a - 5*a. Let q(k) = -7*k**2 - k + 3. Let r(g) = 4*l(g) - q(g). Suppose -3*u - 6 = 5*s - 2*s, 2*s + 16 = 4*u. What is r(u)?
15
Let k(r) be the first derivative of -5*r + 1/2*r**2 + 1/4*r**4 - 4/3*r**3 + 5. Calculate k(4).
-1
Let g(a) = 3*a + 9. Let t(m) = -4*m - 13. Let x(v) = -7*g(v) - 5*t(v). Suppose 0 = -6*q + 122 - 116. Give x(q).
1
Let i(f) = -14*f**3 - 49*f**2 + 33*f + 12. Let d(v) = -5*v**3 - 17*v**2 + 12*v + 4. Let h(n) = -17*d(n) + 6*i(n). Determine h(6).
4
Let a = -169 + 178. Let c(b) = -b**3 + 9*b**2 + 2*b - 5. What is c(a)?
13
Let h(b) = -23 + b**2 + 25 + 7*b - 11*b. Give h(3).
-1
Let k = -73 + 74. Let z(f) be the first derivative of f**4/4 - f**3/3 + f**2/2 - f - 2. Determine z(k).
0
Let k(q) = -2*q - 29. Let i be (1 - 0)/(12 - (-2037)/(-168)). What is k(i)?
-13
Let a = 7 + -3. Let b(q) = a*q - 3 - 4*q**2 + q + q**2 + 2*q**2. Let n = -82 + 85. Calculate b(n).
3
Let f = 34 - 25. Suppose 31*x - 28*x + f = 0. Let i(z) = z**2 + 2*z - 3. Give i(x).
0
Suppose -4*g = 4*a + 8, 0 = 4*a + 5*g + 3 + 3. Let c(u) = 0*u - 5*u**2 - 2*u - 2*u + 36*u**3 - 37*u**3 - 4. Determine c(a).
-4
Let s(c) = c**2 - 7*c. Let n(y) = -2*y**2 + 15*y - 6. Let j(p) = 2*p**2 - 15*p + 7. Let b(i) = -5*j(i) - 6*n(i). Let f(o) = -3*b(o) + 7*s(o). Give f(5).
2
Let j(u) be the second derivative of u**4/12 + 13*u**2/2 + 2*u. Let z = -23 - -23. Determine j(z).
13
Let b(y) = -y + 4. Let t be b(3). Let c(d) be the first derivative of 1/3*d**3 - 6 - d**4 + 0*d - 1/2*d**2. Give c(t).
-4
Suppose -15*j = -34*j - 266. Let y(p) = -p**2 - 13*p - 2. Calculate y(j).
-16
Let x(k) = -k + 31. Let j(m) = -2*m + 60. Let d(y) = -6*j(y) + 11*x(y). What is d(13)?
-6
Let y be ((-52)/(-39))/(2/(-3))*-3. Let u(g) = g**3 - 7*g**2 + 6*g - 1. Calculate u(y).
-1
Let a(g) = 3 + 180*g**2 - 180*g**2 + g**3. Determine a(0).
3
Let v(r) = r**2 + 16*r - 85. Let b be v(-20). Let n(y) = -y - 7. What is n(b)?
-2
Let r(p) = 4*p - 3*p - 4 + 3 - 2*p. Let q be r(5). Let h = 9 + q. Let o(j) = j**3 - j**2 - j - 4. Calculate o(h).
11
Let k(g) = 6*g + 2. Suppose -10*m = -3*m + 35. Calculate k(m).
-28
Let f(s) = 6*s - 14. Suppose 13*x + 4 = 14*x. What is f(x)?
10
Let j be ((-4)/(-6))/(14/(-105)). Let m(i) = 5*i - 1. What is m(j)?
-26
Let a(q) = q**3 - 3*q**2 + 2*q - 3. Let y be a(3). Let g(f) = f**3 - f - 4*f**y + 6*f**2 + 7*f + 2*f**3. Give g(7).
-7
Let z = -46 - -52. Let n(u) = z - u + 7 - 10 - u**2. Suppose 23 - 2 = -4*r - 5*t, 3*r + 4*t = -16. Calculate n(r).
-9
Suppose j + 5 = 2*f, 2*f + 0 = 3*j - 1. Let l(n) = 4*n**2 - 7*n + 11. Let q(u) = 11*u**2 - 20*u + 30. Let t(o) = -8*l(o) + 3*q(o). Calculate t(j).
-1
Let l(n) = n**2 - n - 10. Let w be l(-10). Let a be (-2)/(-3) + w/(-15). Let g(j) = 3*j + 4 + j - 3*j + 6 - 4. Give g(a).
0
Let i(b) = b + 9. Suppose -3*r - t = -0*r - 34, 4*r + 5*t = 27. Suppose -2*n = -5*v + r, -n - 3 = 3*v - 2. Calculate i(n).
5
Let h be (-1 - -25)/(-3)*(-15)/(-2). Let l = h + 62. Let m(b) = 4*b + 1. Give m(l).
9
Let b(k) = -k**3 - 3*k**2 + k + 6. Suppose -52 = 26*g + 52. What is b(g)?
18
Let o(u) = -3*u - 50. Let d = 1434 - 1452. Determine o(d).
4
Let s(n) = n + 3. Let p(b) be the second derivative of -b**5/10 + b**4/12 + 5*b**3/6 - 3*b**2/2 - 16*b. Let i be p(2). Give s(i).
-2
Let z(h) = -35 + 80*h**2 - 76*h**2 + h**3 + 33. Give z(-4).
-2
Let a(z) be the third derivative of -z**5/60 + 5*z**4/12 - 23*z**3/6 + 129*z**2. What is a(7)?
-2
Let i = 31 - 29. Let r be i*4/12*27/(-2). Let x(v) = v**3 + 8*v**2 - 10*v - 9. Determine x(r).
0
Suppose 3*w + 4 - 10 = 0. Suppose -48 = w*f - 4*z, 4*f + 2*z + 77 = -29. Let u be f/(-6) + (-6)/(-9). Let n(l) = l - 7. 